{"id":5210,"date":"2023-09-28T15:55:33","date_gmt":"2023-09-28T15:55:33","guid":{"rendered":"https:\/\/www.jasec.go.cr\/?page_id=5210"},"modified":"2024-09-30T16:06:59","modified_gmt":"2024-09-30T16:06:59","slug":"denuncias","status":"publish","type":"page","link":"https:\/\/www.jasec.go.cr\/index.php\/denuncias\/","title":{"rendered":"Denuncias"},"content":{"rendered":"<ul>\n<li><strong>Atenci\u00f3n de denuncias<\/strong><br \/>\nLa Auditor\u00eda Interna atiende las denuncias de acuerdo con el procedimiento definido en los Lineamientos generales para el an\u00e1lisis de presuntos Hechos Irregulares (R-DC-102-2019), emitidos por la CGR y el Reglamento para la atenci\u00f3n de denuncias presentadas ante la Auditor\u00eda Interna de JASEC.<\/li>\n<\/ul>\n<p>&nbsp;<\/p>\n<ul>\n<li><strong>Aspectos a considerar para la atenci\u00f3n de denuncias<\/strong><br \/>\nPara la Auditoria Interna contar con informaci\u00f3n suficiente para atender las denuncias, estas deben exponer los hechos denunciados de una manera, clara y precisa, respondiendo: \u00bfQu\u00e9 sucedi\u00f3?, \u00bfQui\u00e9n o qui\u00e9nes ejecutaron los hechos?, \u00bfCu\u00e1ndo sucedieron?, \u00bfD\u00f3nde sucedieron?, \u00bfPor qu\u00e9 sucedieron? Adem\u00e1s de exponer, de ser posible, el da\u00f1o econ\u00f3mico o patrimonial para JASEC, as\u00ed como el nombre completo de los testigos.<\/li>\n<\/ul>\n<p>&nbsp;<\/p>\n<ul>\n<li><strong>Tratamiento de las denuncias<\/strong><br \/>\nTras la recepci\u00f3n de la denuncia, la Auditoria Interna en atenci\u00f3n a los Lineamientos generales para el an\u00e1lisis de presuntos Hechos Irregulares (R-DC-102-2019) y el Reglamento para la atenci\u00f3n de denuncias presentadas ante la Auditor\u00eda Interna de JASEC, procede en efectuar la admisibilidad de la denuncia a partir de un \u201can\u00e1lisis inicial\u201d en el cual se analiza la precisi\u00f3n de los hechos denuncias y la competencia de este Despacho para la eventual investigaci\u00f3n de los mismos y que de considerando las competencias dadas a este \u00f3rgano mediante el art\u00edculo 22 de la Ley General de Control Interno, N\u00b0 8292, resulta admisible para la Auditoria investigar las denuncias referentes a:- La protecci\u00f3n del patrimonio de JASEC<br \/>\n&#8211; El cumplimiento ordenamiento jur\u00eddico y t\u00e9cnico por parte de JASEC<br \/>\n&#8211; El cumplimiento y validez del Sistema de Control Interno de JASECLos hechos denunciados, analizados y a los cuales no se les identifica ninguna infracci\u00f3n, o corresponden a temas de \u00edndole laboral, intereses personales, reiteraci\u00f3n de hechos resueltos o ya denunciados, ser\u00e1n trasladados a las instancias internas o externas correspondientes, o bien, ser\u00e1n desestimados, con fundamento en los resultados del an\u00e1lisis inicial.El resultado de este an\u00e1lisis es comunicado a la persona denunciante, a quien se le resguardar\u00e1 la confidencialidad de su identidad en todo el proceso, seg\u00fan lo preceptuado en el art\u00edculo 8 de la Ley Contra la Corrupci\u00f3n y el Enriquecimiento Il\u00edcito en la funci\u00f3n P\u00fablica, Ley 8422 y los art\u00edculos 6\u00b0 y 34\u00b0, inciso e) de la Ley General de Control Interno, N.\u00ba 8292.Las denuncias que resulten admisibles, ser\u00e1n investigadas seg\u00fan el procedimiento definido en los Lineamientos generales para el an\u00e1lisis de presuntos Hechos Irregulares (R-DC-102-2019), cuyos resultados podr\u00e1n ser: desestimaci\u00f3n y archivo, relaci\u00f3n de hechos y\/o denuncia Penal, resultados que de igual manera ser\u00e1n comunicados a la persona denunciante.<\/li>\n<\/ul>\n<p>&nbsp;<\/p>\n<ul>\n<li><strong>Como registrar una denuncia<\/strong>\n<ul>\n<li>Opci\u00f3n 1: Descargue el formulario adjunto, complete todos los datos y env\u00edelo, con los documentos de evidencia, al correo auditoria@jasec.go.cr\n<ul>\n<li><a href=\"http:\/\/www.jasec.go.cr\/docs\/pdf\/auditoria\/NuevoFormularioDenuncias.pdf\" target=\"_blank\" rel=\"noopener\">Descargar formulario<\/a><\/li>\n<\/ul>\n<\/li>\n<\/ul>\n<\/li>\n<\/ul>\n","protected":false},"excerpt":{"rendered":"<p>Atenci\u00f3n de denuncias La Auditor\u00eda Interna atiende las denuncias de acuerdo con el procedimiento definido en los Lineamientos generales para [&hellip;]<\/p>\n","protected":false},"author":35,"featured_media":0,"parent":0,"menu_order":0,"comment_status":"closed","ping_status":"closed","template":"","meta":{"footnotes":""},"class_list":["post-5210","page","type-page","status-publish","hentry"],"yoast_head":"<!-- This site is optimized with the Yoast SEO plugin v27.3 - https:\/\/yoast.com\/product\/yoast-seo-wordpress\/ -->\n<title>Denuncias - Jasec<\/title>\n<meta name=\"description\" content=\"Una empresa corporativa de servicios de inter\u00e9s p\u00fablico, l\u00edder, visionaria, con calidad internacional, que supera las expectativas de los clientes.\" \/>\n<meta name=\"robots\" content=\"index, follow, max-snippet:-1, max-image-preview:large, max-video-preview:-1\" \/>\n<link rel=\"canonical\" href=\"https:\/\/www.jasec.go.cr\/index.php\/denuncias\/\" \/>\n<meta property=\"og:locale\" content=\"es_ES\" \/>\n<meta property=\"og:type\" content=\"article\" \/>\n<meta property=\"og:title\" content=\"Denuncias - Jasec\" \/>\n<meta property=\"og:description\" content=\"Una empresa corporativa de servicios de inter\u00e9s p\u00fablico, l\u00edder, visionaria, con calidad internacional, que supera las expectativas de los clientes.\" \/>\n<meta property=\"og:url\" content=\"https:\/\/www.jasec.go.cr\/index.php\/denuncias\/\" \/>\n<meta property=\"og:site_name\" content=\"Jasec\" \/>\n<meta property=\"article:modified_time\" content=\"2024-09-30T16:06:59+00:00\" \/>\n<meta name=\"twitter:card\" content=\"summary_large_image\" \/>\n<meta name=\"twitter:label1\" content=\"Tiempo de lectura\" \/>\n\t<meta name=\"twitter:data1\" content=\"3 minutos\" \/>\n<script type=\"application\/ld+json\" class=\"yoast-schema-graph\">{\"@context\":\"https:\\\/\\\/schema.org\",\"@graph\":[{\"@type\":\"WebPage\",\"@id\":\"https:\\\/\\\/www.jasec.go.cr\\\/index.php\\\/denuncias\\\/\",\"url\":\"https:\\\/\\\/www.jasec.go.cr\\\/index.php\\\/denuncias\\\/\",\"name\":\"Denuncias - Jasec\",\"isPartOf\":{\"@id\":\"https:\\\/\\\/www.jasec.go.cr\\\/#website\"},\"datePublished\":\"2023-09-28T15:55:33+00:00\",\"dateModified\":\"2024-09-30T16:06:59+00:00\",\"description\":\"Una empresa corporativa de servicios de inter\u00e9s p\u00fablico, l\u00edder, visionaria, con calidad internacional, que supera las expectativas de los clientes.\",\"breadcrumb\":{\"@id\":\"https:\\\/\\\/www.jasec.go.cr\\\/index.php\\\/denuncias\\\/#breadcrumb\"},\"inLanguage\":\"es\",\"potentialAction\":[{\"@type\":\"ReadAction\",\"target\":[\"https:\\\/\\\/www.jasec.go.cr\\\/index.php\\\/denuncias\\\/\"]}]},{\"@type\":\"BreadcrumbList\",\"@id\":\"https:\\\/\\\/www.jasec.go.cr\\\/index.php\\\/denuncias\\\/#breadcrumb\",\"itemListElement\":[{\"@type\":\"ListItem\",\"position\":1,\"name\":\"Portada\",\"item\":\"https:\\\/\\\/www.jasec.go.cr\\\/\"},{\"@type\":\"ListItem\",\"position\":2,\"name\":\"Denuncias\"}]},{\"@type\":\"WebSite\",\"@id\":\"https:\\\/\\\/www.jasec.go.cr\\\/#website\",\"url\":\"https:\\\/\\\/www.jasec.go.cr\\\/\",\"name\":\"Jasec\",\"description\":\"Junta Administrativa del Servicio El\u00e9ctrico Municipal de Cartago\",\"publisher\":{\"@id\":\"https:\\\/\\\/www.jasec.go.cr\\\/#organization\"},\"potentialAction\":[{\"@type\":\"SearchAction\",\"target\":{\"@type\":\"EntryPoint\",\"urlTemplate\":\"https:\\\/\\\/www.jasec.go.cr\\\/?s={search_term_string}\"},\"query-input\":{\"@type\":\"PropertyValueSpecification\",\"valueRequired\":true,\"valueName\":\"search_term_string\"}}],\"inLanguage\":\"es\"},{\"@type\":\"Organization\",\"@id\":\"https:\\\/\\\/www.jasec.go.cr\\\/#organization\",\"name\":\"Jasec\",\"url\":\"https:\\\/\\\/www.jasec.go.cr\\\/\",\"logo\":{\"@type\":\"ImageObject\",\"inLanguage\":\"es\",\"@id\":\"https:\\\/\\\/www.jasec.go.cr\\\/#\\\/schema\\\/logo\\\/image\\\/\",\"url\":\"https:\\\/\\\/www.jasec.go.cr\\\/wp-content\\\/uploads\\\/2018\\\/07\\\/logo.png\",\"contentUrl\":\"https:\\\/\\\/www.jasec.go.cr\\\/wp-content\\\/uploads\\\/2018\\\/07\\\/logo.png\",\"width\":185,\"height\":67,\"caption\":\"Jasec\"},\"image\":{\"@id\":\"https:\\\/\\\/www.jasec.go.cr\\\/#\\\/schema\\\/logo\\\/image\\\/\"}}]}<\/script>\n<!-- \/ Yoast SEO plugin. -->","yoast_head_json":{"title":"Denuncias - Jasec","description":"Una empresa corporativa de servicios de inter\u00e9s p\u00fablico, l\u00edder, visionaria, con calidad internacional, que supera las expectativas de los clientes.","robots":{"index":"index","follow":"follow","max-snippet":"max-snippet:-1","max-image-preview":"max-image-preview:large","max-video-preview":"max-video-preview:-1"},"canonical":"https:\/\/www.jasec.go.cr\/index.php\/denuncias\/","og_locale":"es_ES","og_type":"article","og_title":"Denuncias - Jasec","og_description":"Una empresa corporativa de servicios de inter\u00e9s p\u00fablico, l\u00edder, visionaria, con calidad internacional, que supera las expectativas de los clientes.","og_url":"https:\/\/www.jasec.go.cr\/index.php\/denuncias\/","og_site_name":"Jasec","article_modified_time":"2024-09-30T16:06:59+00:00","twitter_card":"summary_large_image","twitter_misc":{"Tiempo de lectura":"3 minutos"},"schema":{"@context":"https:\/\/schema.org","@graph":[{"@type":"WebPage","@id":"https:\/\/www.jasec.go.cr\/index.php\/denuncias\/","url":"https:\/\/www.jasec.go.cr\/index.php\/denuncias\/","name":"Denuncias - Jasec","isPartOf":{"@id":"https:\/\/www.jasec.go.cr\/#website"},"datePublished":"2023-09-28T15:55:33+00:00","dateModified":"2024-09-30T16:06:59+00:00","description":"Una empresa corporativa de servicios de inter\u00e9s p\u00fablico, l\u00edder, visionaria, con calidad internacional, que supera las expectativas de los clientes.","breadcrumb":{"@id":"https:\/\/www.jasec.go.cr\/index.php\/denuncias\/#breadcrumb"},"inLanguage":"es","potentialAction":[{"@type":"ReadAction","target":["https:\/\/www.jasec.go.cr\/index.php\/denuncias\/"]}]},{"@type":"BreadcrumbList","@id":"https:\/\/www.jasec.go.cr\/index.php\/denuncias\/#breadcrumb","itemListElement":[{"@type":"ListItem","position":1,"name":"Portada","item":"https:\/\/www.jasec.go.cr\/"},{"@type":"ListItem","position":2,"name":"Denuncias"}]},{"@type":"WebSite","@id":"https:\/\/www.jasec.go.cr\/#website","url":"https:\/\/www.jasec.go.cr\/","name":"Jasec","description":"Junta Administrativa del Servicio El\u00e9ctrico Municipal de Cartago","publisher":{"@id":"https:\/\/www.jasec.go.cr\/#organization"},"potentialAction":[{"@type":"SearchAction","target":{"@type":"EntryPoint","urlTemplate":"https:\/\/www.jasec.go.cr\/?s={search_term_string}"},"query-input":{"@type":"PropertyValueSpecification","valueRequired":true,"valueName":"search_term_string"}}],"inLanguage":"es"},{"@type":"Organization","@id":"https:\/\/www.jasec.go.cr\/#organization","name":"Jasec","url":"https:\/\/www.jasec.go.cr\/","logo":{"@type":"ImageObject","inLanguage":"es","@id":"https:\/\/www.jasec.go.cr\/#\/schema\/logo\/image\/","url":"https:\/\/www.jasec.go.cr\/wp-content\/uploads\/2018\/07\/logo.png","contentUrl":"https:\/\/www.jasec.go.cr\/wp-content\/uploads\/2018\/07\/logo.png","width":185,"height":67,"caption":"Jasec"},"image":{"@id":"https:\/\/www.jasec.go.cr\/#\/schema\/logo\/image\/"}}]}},"_links":{"self":[{"href":"https:\/\/www.jasec.go.cr\/index.php\/wp-json\/wp\/v2\/pages\/5210","targetHints":{"allow":["GET"]}}],"collection":[{"href":"https:\/\/www.jasec.go.cr\/index.php\/wp-json\/wp\/v2\/pages"}],"about":[{"href":"https:\/\/www.jasec.go.cr\/index.php\/wp-json\/wp\/v2\/types\/page"}],"author":[{"embeddable":true,"href":"https:\/\/www.jasec.go.cr\/index.php\/wp-json\/wp\/v2\/users\/35"}],"replies":[{"embeddable":true,"href":"https:\/\/www.jasec.go.cr\/index.php\/wp-json\/wp\/v2\/comments?post=5210"}],"version-history":[{"count":11,"href":"https:\/\/www.jasec.go.cr\/index.php\/wp-json\/wp\/v2\/pages\/5210\/revisions"}],"predecessor-version":[{"id":5661,"href":"https:\/\/www.jasec.go.cr\/index.php\/wp-json\/wp\/v2\/pages\/5210\/revisions\/5661"}],"wp:attachment":[{"href":"https:\/\/www.jasec.go.cr\/index.php\/wp-json\/wp\/v2\/media?parent=5210"}],"curies":[{"name":"wp","href":"https:\/\/api.w.org\/{rel}","templated":true}]}}