{"id":1537,"date":"2018-10-09T11:26:02","date_gmt":"2018-10-09T17:26:02","guid":{"rendered":"https:\/\/servidor-de-pruebas.com\/jasec\/?page_id=1537"},"modified":"2026-02-24T20:01:45","modified_gmt":"2026-02-24T20:01:45","slug":"guia-para-acondicionamiento-de-medidores-y-acometidas-electricas","status":"publish","type":"page","link":"https:\/\/www.jasec.go.cr\/index.php\/guia-para-acondicionamiento-de-medidores-y-acometidas-electricas\/","title":{"rendered":"Gu\u00eda para acondicionamiento de medidores y acometidas el\u00e9ctricas"},"content":{"rendered":"<div class=\"fusion-fullwidth fullwidth-box fusion-builder-row-1 nonhundred-percent-fullwidth non-hundred-percent-height-scrolling\" style=\"background-color: rgba(255,255,255,0);background-position: center center;background-repeat: no-repeat;padding-top:0px;padding-right:0px;padding-bottom:0px;padding-left:0px;margin-bottom: 0px;margin-top: 0px;border-width: 0px 0px 0px 0px;border-color:#e5e5e5;border-style:solid;\" ><div class=\"fusion-builder-row fusion-row\"><div class=\"fusion-layout-column fusion_builder_column fusion-builder-column-0 fusion_builder_column_1_4 1_4 fusion-one-fourth fusion-column-first\" style=\"width:25%;width:calc(25% - ( ( 4% ) * 0.25 ) );margin-right: 4%;margin-top:0px;margin-bottom:20px;\"><div class=\"fusion-column-wrapper fusion-flex-column-wrapper-legacy\" style=\"background-position:left top;background-repeat:no-repeat;-webkit-background-size:cover;-moz-background-size:cover;-o-background-size:cover;background-size:cover;padding: 0px 0px 0px 0px;\"><div class=\"fusion-widget-area fusion-widget-area-1 fusion-content-widget-area\"><style type=\"text\/css\">.fusion-widget-area-1 {padding:0px 0px 0px 0px;}.fusion-widget-area-1 .widget h4 {color:#8dc63f;}.fusion-widget-area-1 .widget .heading h4 {color:#8dc63f;}.fusion-widget-area-1 .widget h4 {font-size:20px;}.fusion-widget-area-1 .widget .heading h4 {font-size:20px;}<\/style><div id=\"nav_menu-2\" class=\"widget widget_nav_menu\"><div class=\"heading\"><h4 class=\"widget-title\">JASEC<\/h4><\/div><div class=\"menu-institucional-container\"><ul id=\"menu-institucional\" class=\"menu\"><li id=\"menu-item-926\" class=\"menu-item menu-item-type-post_type menu-item-object-page menu-item-926\"><a href=\"https:\/\/www.jasec.go.cr\/index.php\/junta-directiva\/\">Junta Directiva<\/a><\/li>\n<li id=\"menu-item-928\" class=\"menu-item menu-item-type-post_type menu-item-object-page menu-item-928\"><a href=\"https:\/\/www.jasec.go.cr\/index.php\/politica-de-calidad\/\">Pol\u00edtica de Calidad<\/a><\/li>\n<li id=\"menu-item-930\" class=\"menu-item menu-item-type-post_type menu-item-object-page menu-item-930\"><a href=\"https:\/\/www.jasec.go.cr\/index.php\/mensaje-de-la-presidencia\/\">Mensaje de la Presidencia<\/a><\/li>\n<li id=\"menu-item-3866\" class=\"menu-item menu-item-type-post_type menu-item-object-page menu-item-3866\"><a href=\"https:\/\/www.jasec.go.cr\/index.php\/archivo-central\/\">Archivo Central<\/a><\/li>\n<li id=\"menu-item-2473\" class=\"menu-item menu-item-type-post_type menu-item-object-page menu-item-2473\"><a href=\"https:\/\/www.jasec.go.cr\/index.php\/mapa-del-sitio\/\">Mapa del sitio<\/a><\/li>\n<li id=\"menu-item-1990\" class=\"menu-item menu-item-type-custom menu-item-object-custom menu-item-1990\"><a target=\"_blank\" href=\"https:\/\/webmail.jasec.go.cr\">Correo corporativo<\/a><\/li>\n<\/ul><\/div><\/div><div id=\"nav_menu-4\" class=\"widget widget_nav_menu\"><div class=\"heading\"><h4 class=\"widget-title\">Legislaci\u00f3n<\/h4><\/div><div class=\"menu-legislacion-container\"><ul id=\"menu-legislacion\" class=\"menu\"><li id=\"menu-item-1087\" class=\"menu-item menu-item-type-post_type menu-item-object-page menu-item-1087\"><a href=\"https:\/\/www.jasec.go.cr\/index.php\/marco-juridico\/\">Marco jur\u00eddico<\/a><\/li>\n<li id=\"menu-item-1088\" class=\"menu-item menu-item-type-post_type menu-item-object-page menu-item-1088\"><a href=\"https:\/\/www.jasec.go.cr\/index.php\/leyes-y-regulaciones-2\/\">Leyes y regulaciones<\/a><\/li>\n<li id=\"menu-item-2296\" class=\"menu-item menu-item-type-post_type menu-item-object-page menu-item-2296\"><a href=\"https:\/\/www.jasec.go.cr\/index.php\/publicaciones-en-la-gaceta\/\">Publicaciones en La Gaceta<\/a><\/li>\n<\/ul><\/div><\/div><div id=\"nav_menu-16\" class=\"widget widget_nav_menu\" style=\"border-style: solid;border-color:transparent;border-width:0px;\"><div class=\"heading\"><h4 class=\"widget-title\">Jasec<\/h4><\/div><div class=\"menu-institucional-container\"><ul id=\"menu-institucional-1\" class=\"menu\"><li class=\"menu-item menu-item-type-post_type menu-item-object-page menu-item-926\"><a href=\"https:\/\/www.jasec.go.cr\/index.php\/junta-directiva\/\">Junta Directiva<\/a><\/li>\n<li class=\"menu-item menu-item-type-post_type menu-item-object-page menu-item-928\"><a href=\"https:\/\/www.jasec.go.cr\/index.php\/politica-de-calidad\/\">Pol\u00edtica de Calidad<\/a><\/li>\n<li class=\"menu-item menu-item-type-post_type menu-item-object-page menu-item-930\"><a href=\"https:\/\/www.jasec.go.cr\/index.php\/mensaje-de-la-presidencia\/\">Mensaje de la Presidencia<\/a><\/li>\n<li class=\"menu-item menu-item-type-post_type menu-item-object-page menu-item-3866\"><a href=\"https:\/\/www.jasec.go.cr\/index.php\/archivo-central\/\">Archivo Central<\/a><\/li>\n<li class=\"menu-item menu-item-type-post_type menu-item-object-page menu-item-2473\"><a href=\"https:\/\/www.jasec.go.cr\/index.php\/mapa-del-sitio\/\">Mapa del sitio<\/a><\/li>\n<li class=\"menu-item menu-item-type-custom menu-item-object-custom menu-item-1990\"><a target=\"_blank\" href=\"https:\/\/webmail.jasec.go.cr\">Correo corporativo<\/a><\/li>\n<\/ul><\/div><\/div><div id=\"nav_menu-17\" class=\"widget widget_nav_menu\" style=\"border-style: solid;border-color:transparent;border-width:0px;\"><div class=\"heading\"><h4 class=\"widget-title\">Legislaci\u00f3n<\/h4><\/div><div class=\"menu-legislacion-container\"><ul id=\"menu-legislacion-1\" class=\"menu\"><li class=\"menu-item menu-item-type-post_type menu-item-object-page menu-item-1087\"><a href=\"https:\/\/www.jasec.go.cr\/index.php\/marco-juridico\/\">Marco jur\u00eddico<\/a><\/li>\n<li class=\"menu-item menu-item-type-post_type menu-item-object-page menu-item-1088\"><a href=\"https:\/\/www.jasec.go.cr\/index.php\/leyes-y-regulaciones-2\/\">Leyes y regulaciones<\/a><\/li>\n<li class=\"menu-item menu-item-type-post_type menu-item-object-page menu-item-2296\"><a href=\"https:\/\/www.jasec.go.cr\/index.php\/publicaciones-en-la-gaceta\/\">Publicaciones en La Gaceta<\/a><\/li>\n<\/ul><\/div><\/div><div id=\"nav_menu-9\" class=\"widget widget_nav_menu\"><div class=\"heading\"><h4 class=\"widget-title\">Normativa T\u00e9cnica<\/h4><\/div><div class=\"menu-normativa-tecnica-container\"><ul id=\"menu-normativa-tecnica\" class=\"menu\"><li id=\"menu-item-4322\" class=\"menu-item menu-item-type-post_type menu-item-object-page menu-item-4322\"><a href=\"https:\/\/www.jasec.go.cr\/index.php\/generacion-distribuida\/\">Generaci\u00f3n Distribuida<\/a><\/li>\n<\/ul><\/div><\/div>\n\t\t<div id=\"recent-posts-4\" class=\"widget widget_recent_entries\">\n\t\t<div class=\"heading\"><h4 class=\"widget-title\">Sala de Prensa<\/h4><\/div>\n\t\t<ul>\n\t\t\t\t\t\t\t\t\t\t\t<li>\n\t\t\t\t\t<a href=\"https:\/\/www.jasec.go.cr\/index.php\/jasec-ya-ofrece-servicios-de-red-de-banda-ancha-ultra-veloz-2\/\">Rebajo del 7% en tarifas de electricidad de octubre a diciembre 2023<\/a>\n\t\t\t\t\t\t\t\t\t<\/li>\n\t\t\t\t\t\t\t\t\t\t\t<li>\n\t\t\t\t\t<a href=\"https:\/\/www.jasec.go.cr\/index.php\/cambio-clave-wifi\/\">Cambio de clave de tu equipo Wifi<\/a>\n\t\t\t\t\t\t\t\t\t<\/li>\n\t\t\t\t\t\t\t\t\t\t\t<li>\n\t\t\t\t\t<a href=\"https:\/\/www.jasec.go.cr\/index.php\/jasec-ya-ofrece-servicios-de-red-de-banda-ancha-ultra-veloz\/\">JASEC ya ofrece servicios de red de banda ancha ultra veloz.<\/a>\n\t\t\t\t\t\t\t\t\t<\/li>\n\t\t\t\t\t\t\t\t\t\t\t<li>\n\t\t\t\t\t<a href=\"https:\/\/www.jasec.go.cr\/index.php\/linea-aerea-compacta-en-coris\/\">L\u00ednea a\u00e9rea compacta en Coris<\/a>\n\t\t\t\t\t\t\t\t\t<\/li>\n\t\t\t\t\t\t\t\t\t\t\t<li>\n\t\t\t\t\t<a href=\"https:\/\/www.jasec.go.cr\/index.php\/mas-iluminacion-led\/\">\u00a1M\u00e1s iluminaci\u00f3n LED!<\/a>\n\t\t\t\t\t\t\t\t\t<\/li>\n\t\t\t\t\t<\/ul>\n\n\t\t<\/div><div id=\"nav_menu-5\" class=\"widget widget_nav_menu\"><div class=\"heading\"><h4 class=\"widget-title\">Auditor\u00eda<\/h4><\/div><div class=\"menu-auditoria-container\"><ul id=\"menu-auditoria\" class=\"menu\"><li id=\"menu-item-1306\" class=\"menu-item menu-item-type-post_type menu-item-object-page menu-item-1306\"><a href=\"https:\/\/www.jasec.go.cr\/index.php\/auditoria-interna\/\">Auditor\u00eda Interna<\/a><\/li>\n<li id=\"menu-item-1310\" class=\"menu-item menu-item-type-post_type menu-item-object-page menu-item-1310\"><a href=\"https:\/\/www.jasec.go.cr\/index.php\/organigrama-y-puestograma\/\">Organigrama<\/a><\/li>\n<li id=\"menu-item-1396\" class=\"menu-item menu-item-type-post_type menu-item-object-page menu-item-1396\"><a href=\"https:\/\/www.jasec.go.cr\/index.php\/servicios-de-la-auditoria\/\">Servicios de la Auditor\u00eda Interna<\/a><\/li>\n<li id=\"menu-item-2342\" class=\"menu-item menu-item-type-post_type menu-item-object-page menu-item-2342\"><a href=\"https:\/\/www.jasec.go.cr\/index.php\/publicaciones-de-la-auditoria\/\">Publicaciones de Auditor\u00eda Interna<\/a><\/li>\n<li id=\"menu-item-1397\" class=\"menu-item menu-item-type-post_type menu-item-object-page menu-item-1397\"><a href=\"https:\/\/www.jasec.go.cr\/index.php\/informes-de-desempeno\/\">Informes de Auditor\u00eda Interna<\/a><\/li>\n<li id=\"menu-item-5221\" class=\"menu-item menu-item-type-post_type menu-item-object-page menu-item-5221\"><a href=\"https:\/\/www.jasec.go.cr\/index.php\/normativa\/\">Normativa<\/a><\/li>\n<li id=\"menu-item-5213\" class=\"menu-item menu-item-type-post_type menu-item-object-page menu-item-5213\"><a href=\"https:\/\/www.jasec.go.cr\/index.php\/denuncias\/\">Denuncias<\/a><\/li>\n<li id=\"menu-item-5202\" class=\"menu-item menu-item-type-post_type menu-item-object-page menu-item-5202\"><a href=\"https:\/\/www.jasec.go.cr\/index.php\/contactenos-3\/\">Cont\u00e1ctenos<\/a><\/li>\n<\/ul><\/div><\/div><div id=\"facebook-like-widget-3\" class=\"widget facebook_like\"><div class=\"heading\"><h4 class=\"widget-title\">Hazte fan<\/h4><\/div>\n\t\t\t\t\t\t\t\t\t\t\t\t<script>\n\t\t\t\n\t\t\t\t\twindow.fbAsyncInit = function() {\n\t\t\t\t\t\tfusion_resize_page_widget();\n\n\t\t\t\t\t\tjQuery( window ).resize( function() {\n\t\t\t\t\t\t\tfusion_resize_page_widget();\n\t\t\t\t\t\t});\n\n\t\t\t\t\t\tfunction fusion_resize_page_widget() {\n\t\t\t\t\t\t\tvar availableSpace     = jQuery( '.facebook-like-widget-3' ).width(),\n\t\t\t\t\t\t\t\tlastAvailableSPace = jQuery( '.facebook-like-widget-3 .fb-page' ).attr( 'data-width' ),\n\t\t\t\t\t\t\t\tmaxWidth           = 268;\n\n\t\t\t\t\t\t\tif ( 1 > availableSpace ) {\n\t\t\t\t\t\t\t\tavailableSpace = maxWidth;\n\t\t\t\t\t\t\t}\n\n\t\t\t\t\t\t\tif ( availableSpace != lastAvailableSPace && availableSpace != maxWidth ) {\n\t\t\t\t\t\t\t\tif ( maxWidth < availableSpace ) {\n\t\t\t\t\t\t\t\t\tavailableSpace = maxWidth;\n\t\t\t\t\t\t\t\t}\n\t\t\t\t\t\t\t\tjQuery('.facebook-like-widget-3 .fb-page' ).attr( 'data-width', availableSpace );\n\t\t\t\t\t\t\t\tif ( 'undefined' !== typeof FB ) {\n\t\t\t\t\t\t\t\t\tFB.XFBML.parse();\n\t\t\t\t\t\t\t\t}\n\t\t\t\t\t\t\t}\n\t\t\t\t\t\t}\n\t\t\t\t\t};\n\n\t\t\t\t\t( function( d, s, id ) {\n\t\t\t\t\t\tvar js,\n\t\t\t\t\t\t\tfjs = d.getElementsByTagName( s )[0];\n\t\t\t\t\t\tif ( d.getElementById( id ) ) {\n\t\t\t\t\t\t\treturn;\n\t\t\t\t\t\t}\n\t\t\t\t\t\tjs     = d.createElement( s );\n\t\t\t\t\t\tjs.id  = id;\n\t\t\t\t\t\tjs.src = \"https:\/\/connect.facebook.net\/es_ES\/sdk.js#xfbml=1&version=v2.11&appId=616241718395803\";\n\t\t\t\t\t\tfjs.parentNode.insertBefore( js, fjs );\n\t\t\t\t\t}( document, 'script', 'facebook-jssdk' ) );\n\n\t\t\t\t\t\t\t<\/script>\n\t\t\t\n\t\t\t<div class=\"fb-like-box-container facebook-like-widget-3\" id=\"fb-root\">\n\t\t\t\t<div class=\"fb-page\" data-href=\"https:\/\/www.facebook.com\/JASECCORPORATIVO\/\" data-original-width=\"268\" data-width=\"268\" data-adapt-container-width=\"true\" data-small-header=\"true\" data-height=\"240\" data-hide-cover=\"false\" data-show-facepile=\"true\" data-tabs=\"\"><\/div>\n\t\t\t<\/div>\n\t\t\t<\/div><div id=\"nav_menu-19\" class=\"widget widget_nav_menu\" style=\"border-style: solid;border-color:transparent;border-width:0px;\"><div class=\"heading\"><h4 class=\"widget-title\">Jasec<\/h4><\/div><div class=\"menu-institucional-container\"><ul id=\"menu-institucional-2\" class=\"menu\"><li class=\"menu-item menu-item-type-post_type menu-item-object-page menu-item-926\"><a href=\"https:\/\/www.jasec.go.cr\/index.php\/junta-directiva\/\">Junta Directiva<\/a><\/li>\n<li class=\"menu-item menu-item-type-post_type menu-item-object-page menu-item-928\"><a href=\"https:\/\/www.jasec.go.cr\/index.php\/politica-de-calidad\/\">Pol\u00edtica de Calidad<\/a><\/li>\n<li class=\"menu-item menu-item-type-post_type menu-item-object-page menu-item-930\"><a href=\"https:\/\/www.jasec.go.cr\/index.php\/mensaje-de-la-presidencia\/\">Mensaje de la Presidencia<\/a><\/li>\n<li class=\"menu-item menu-item-type-post_type menu-item-object-page menu-item-3866\"><a href=\"https:\/\/www.jasec.go.cr\/index.php\/archivo-central\/\">Archivo Central<\/a><\/li>\n<li class=\"menu-item menu-item-type-post_type menu-item-object-page menu-item-2473\"><a href=\"https:\/\/www.jasec.go.cr\/index.php\/mapa-del-sitio\/\">Mapa del sitio<\/a><\/li>\n<li class=\"menu-item menu-item-type-custom menu-item-object-custom menu-item-1990\"><a target=\"_blank\" href=\"https:\/\/webmail.jasec.go.cr\">Correo corporativo<\/a><\/li>\n<\/ul><\/div><\/div><div id=\"nav_menu-23\" class=\"widget widget_nav_menu\" style=\"border-style: solid;border-color:transparent;border-width:0px;\"><div class=\"heading\"><h4 class=\"widget-title\">Legislaci\u00f3n<\/h4><\/div><div class=\"menu-legislacion-container\"><ul id=\"menu-legislacion-2\" class=\"menu\"><li class=\"menu-item menu-item-type-post_type menu-item-object-page menu-item-1087\"><a href=\"https:\/\/www.jasec.go.cr\/index.php\/marco-juridico\/\">Marco jur\u00eddico<\/a><\/li>\n<li class=\"menu-item menu-item-type-post_type menu-item-object-page menu-item-1088\"><a href=\"https:\/\/www.jasec.go.cr\/index.php\/leyes-y-regulaciones-2\/\">Leyes y regulaciones<\/a><\/li>\n<li class=\"menu-item menu-item-type-post_type menu-item-object-page menu-item-2296\"><a href=\"https:\/\/www.jasec.go.cr\/index.php\/publicaciones-en-la-gaceta\/\">Publicaciones en La Gaceta<\/a><\/li>\n<\/ul><\/div><\/div><div id=\"nav_menu-24\" class=\"widget widget_nav_menu\" style=\"border-style: solid;border-color:transparent;border-width:0px;\"><div class=\"heading\"><h4 class=\"widget-title\">Jasec<\/h4><\/div><div class=\"menu-institucional-container\"><ul id=\"menu-institucional-3\" class=\"menu\"><li class=\"menu-item menu-item-type-post_type menu-item-object-page menu-item-926\"><a href=\"https:\/\/www.jasec.go.cr\/index.php\/junta-directiva\/\">Junta Directiva<\/a><\/li>\n<li class=\"menu-item menu-item-type-post_type menu-item-object-page menu-item-928\"><a href=\"https:\/\/www.jasec.go.cr\/index.php\/politica-de-calidad\/\">Pol\u00edtica de Calidad<\/a><\/li>\n<li class=\"menu-item menu-item-type-post_type menu-item-object-page menu-item-930\"><a href=\"https:\/\/www.jasec.go.cr\/index.php\/mensaje-de-la-presidencia\/\">Mensaje de la Presidencia<\/a><\/li>\n<li class=\"menu-item menu-item-type-post_type menu-item-object-page menu-item-3866\"><a href=\"https:\/\/www.jasec.go.cr\/index.php\/archivo-central\/\">Archivo Central<\/a><\/li>\n<li class=\"menu-item menu-item-type-post_type menu-item-object-page menu-item-2473\"><a href=\"https:\/\/www.jasec.go.cr\/index.php\/mapa-del-sitio\/\">Mapa del sitio<\/a><\/li>\n<li class=\"menu-item menu-item-type-custom menu-item-object-custom menu-item-1990\"><a target=\"_blank\" href=\"https:\/\/webmail.jasec.go.cr\">Correo corporativo<\/a><\/li>\n<\/ul><\/div><\/div><div id=\"nav_menu-25\" class=\"widget widget_nav_menu\" style=\"border-style: solid;border-color:transparent;border-width:0px;\"><div class=\"heading\"><h4 class=\"widget-title\">Legislaci\u00f3n<\/h4><\/div><div class=\"menu-legislacion-container\"><ul id=\"menu-legislacion-3\" class=\"menu\"><li class=\"menu-item menu-item-type-post_type menu-item-object-page menu-item-1087\"><a href=\"https:\/\/www.jasec.go.cr\/index.php\/marco-juridico\/\">Marco jur\u00eddico<\/a><\/li>\n<li class=\"menu-item menu-item-type-post_type menu-item-object-page menu-item-1088\"><a href=\"https:\/\/www.jasec.go.cr\/index.php\/leyes-y-regulaciones-2\/\">Leyes y regulaciones<\/a><\/li>\n<li class=\"menu-item menu-item-type-post_type menu-item-object-page menu-item-2296\"><a href=\"https:\/\/www.jasec.go.cr\/index.php\/publicaciones-en-la-gaceta\/\">Publicaciones en La Gaceta<\/a><\/li>\n<\/ul><\/div><\/div><div class=\"fusion-additional-widget-content\"><\/div><\/div><div class=\"fusion-clearfix\"><\/div><\/div><\/div><div class=\"fusion-layout-column fusion_builder_column fusion-builder-column-1 fusion_builder_column_3_4 3_4 fusion-three-fourth fusion-column-last\" style=\"width:75%;width:calc(75% - ( ( 4% ) * 0.75 ) );margin-top:0px;margin-bottom:20px;\"><div class=\"fusion-column-wrapper fusion-flex-column-wrapper-legacy\" style=\"background-position:left top;background-repeat:no-repeat;-webkit-background-size:cover;-moz-background-size:cover;-o-background-size:cover;background-size:cover;padding: 0px 0px 0px 0px;\"><div class=\"fusion-text fusion-text-1\"><table style=\"width: 100%;\" border=\"1\" cellspacing=\"0\" cellpadding=\"0\">\n<tbody>\n<tr>\n<td style=\"text-align: center; vertical-align: middle;\" valign=\"top\"><strong>Normativa t\u00e9cnica<\/strong><\/td>\n<td style=\"text-align: justify; width: 80%;\" valign=\"top\">Descargar gu\u00eda para acondicionamiento de medidores y acometidas el\u00e9ctricas: <a class=\"btn-descargar\" href=\"https:\/\/www.jasec.go.cr\/wp-content\/uploads\/2021\/04\/Formulario-25-Guia-de-acondicionamiento.pdf\" download=\"\">Descargue aqu\u00ed<\/a><\/td>\n<\/tr>\n<\/tbody>\n<\/table>\n<\/div><div class=\"fusion-clearfix\"><\/div><\/div><\/div><\/div><\/div>\n","protected":false},"excerpt":{"rendered":"","protected":false},"author":2,"featured_media":0,"parent":0,"menu_order":0,"comment_status":"closed","ping_status":"closed","template":"","meta":{"footnotes":""},"class_list":["post-1537","page","type-page","status-publish","hentry"],"yoast_head":"<!-- This site is optimized with the Yoast SEO plugin v27.3 - https:\/\/yoast.com\/product\/yoast-seo-wordpress\/ -->\n<title>Gu\u00eda para acondicionamiento de medidores y acometidas el\u00e9ctricas - Jasec<\/title>\n<meta name=\"description\" content=\"Una empresa corporativa de servicios de inter\u00e9s p\u00fablico, l\u00edder, visionaria, con calidad internacional, que supera las expectativas de los clientes.\" \/>\n<meta name=\"robots\" content=\"index, follow, max-snippet:-1, max-image-preview:large, max-video-preview:-1\" \/>\n<link rel=\"canonical\" href=\"https:\/\/www.jasec.go.cr\/index.php\/guia-para-acondicionamiento-de-medidores-y-acometidas-electricas\/\" \/>\n<meta property=\"og:locale\" content=\"es_ES\" \/>\n<meta property=\"og:type\" content=\"article\" \/>\n<meta property=\"og:title\" content=\"Gu\u00eda para acondicionamiento de medidores y acometidas el\u00e9ctricas - Jasec\" \/>\n<meta property=\"og:description\" content=\"Una empresa corporativa de servicios de inter\u00e9s p\u00fablico, l\u00edder, visionaria, con calidad internacional, que supera las expectativas de los clientes.\" \/>\n<meta property=\"og:url\" content=\"https:\/\/www.jasec.go.cr\/index.php\/guia-para-acondicionamiento-de-medidores-y-acometidas-electricas\/\" \/>\n<meta property=\"og:site_name\" content=\"Jasec\" \/>\n<meta property=\"article:modified_time\" content=\"2026-02-24T20:01:45+00:00\" \/>\n<meta name=\"twitter:card\" content=\"summary_large_image\" \/>\n<meta name=\"twitter:label1\" content=\"Tiempo de lectura\" \/>\n\t<meta name=\"twitter:data1\" content=\"1 minuto\" \/>\n<script type=\"application\/ld+json\" class=\"yoast-schema-graph\">{\"@context\":\"https:\\\/\\\/schema.org\",\"@graph\":[{\"@type\":\"WebPage\",\"@id\":\"https:\\\/\\\/www.jasec.go.cr\\\/index.php\\\/guia-para-acondicionamiento-de-medidores-y-acometidas-electricas\\\/\",\"url\":\"https:\\\/\\\/www.jasec.go.cr\\\/index.php\\\/guia-para-acondicionamiento-de-medidores-y-acometidas-electricas\\\/\",\"name\":\"Gu\u00eda para acondicionamiento de medidores y acometidas el\u00e9ctricas - Jasec\",\"isPartOf\":{\"@id\":\"https:\\\/\\\/www.jasec.go.cr\\\/#website\"},\"datePublished\":\"2018-10-09T17:26:02+00:00\",\"dateModified\":\"2026-02-24T20:01:45+00:00\",\"description\":\"Una empresa corporativa de servicios de inter\u00e9s p\u00fablico, l\u00edder, visionaria, con calidad internacional, que supera las expectativas de los clientes.\",\"breadcrumb\":{\"@id\":\"https:\\\/\\\/www.jasec.go.cr\\\/index.php\\\/guia-para-acondicionamiento-de-medidores-y-acometidas-electricas\\\/#breadcrumb\"},\"inLanguage\":\"es\",\"potentialAction\":[{\"@type\":\"ReadAction\",\"target\":[\"https:\\\/\\\/www.jasec.go.cr\\\/index.php\\\/guia-para-acondicionamiento-de-medidores-y-acometidas-electricas\\\/\"]}]},{\"@type\":\"BreadcrumbList\",\"@id\":\"https:\\\/\\\/www.jasec.go.cr\\\/index.php\\\/guia-para-acondicionamiento-de-medidores-y-acometidas-electricas\\\/#breadcrumb\",\"itemListElement\":[{\"@type\":\"ListItem\",\"position\":1,\"name\":\"Portada\",\"item\":\"https:\\\/\\\/www.jasec.go.cr\\\/\"},{\"@type\":\"ListItem\",\"position\":2,\"name\":\"Gu\u00eda para acondicionamiento de medidores y acometidas el\u00e9ctricas\"}]},{\"@type\":\"WebSite\",\"@id\":\"https:\\\/\\\/www.jasec.go.cr\\\/#website\",\"url\":\"https:\\\/\\\/www.jasec.go.cr\\\/\",\"name\":\"Jasec\",\"description\":\"Junta Administrativa del Servicio El\u00e9ctrico Municipal de Cartago\",\"publisher\":{\"@id\":\"https:\\\/\\\/www.jasec.go.cr\\\/#organization\"},\"potentialAction\":[{\"@type\":\"SearchAction\",\"target\":{\"@type\":\"EntryPoint\",\"urlTemplate\":\"https:\\\/\\\/www.jasec.go.cr\\\/?s={search_term_string}\"},\"query-input\":{\"@type\":\"PropertyValueSpecification\",\"valueRequired\":true,\"valueName\":\"search_term_string\"}}],\"inLanguage\":\"es\"},{\"@type\":\"Organization\",\"@id\":\"https:\\\/\\\/www.jasec.go.cr\\\/#organization\",\"name\":\"Jasec\",\"url\":\"https:\\\/\\\/www.jasec.go.cr\\\/\",\"logo\":{\"@type\":\"ImageObject\",\"inLanguage\":\"es\",\"@id\":\"https:\\\/\\\/www.jasec.go.cr\\\/#\\\/schema\\\/logo\\\/image\\\/\",\"url\":\"https:\\\/\\\/www.jasec.go.cr\\\/wp-content\\\/uploads\\\/2018\\\/07\\\/logo.png\",\"contentUrl\":\"https:\\\/\\\/www.jasec.go.cr\\\/wp-content\\\/uploads\\\/2018\\\/07\\\/logo.png\",\"width\":185,\"height\":67,\"caption\":\"Jasec\"},\"image\":{\"@id\":\"https:\\\/\\\/www.jasec.go.cr\\\/#\\\/schema\\\/logo\\\/image\\\/\"}}]}<\/script>\n<!-- \/ Yoast SEO plugin. -->","yoast_head_json":{"title":"Gu\u00eda para acondicionamiento de medidores y acometidas el\u00e9ctricas - Jasec","description":"Una empresa corporativa de servicios de inter\u00e9s p\u00fablico, l\u00edder, visionaria, con calidad internacional, que supera las expectativas de los clientes.","robots":{"index":"index","follow":"follow","max-snippet":"max-snippet:-1","max-image-preview":"max-image-preview:large","max-video-preview":"max-video-preview:-1"},"canonical":"https:\/\/www.jasec.go.cr\/index.php\/guia-para-acondicionamiento-de-medidores-y-acometidas-electricas\/","og_locale":"es_ES","og_type":"article","og_title":"Gu\u00eda para acondicionamiento de medidores y acometidas el\u00e9ctricas - Jasec","og_description":"Una empresa corporativa de servicios de inter\u00e9s p\u00fablico, l\u00edder, visionaria, con calidad internacional, que supera las expectativas de los clientes.","og_url":"https:\/\/www.jasec.go.cr\/index.php\/guia-para-acondicionamiento-de-medidores-y-acometidas-electricas\/","og_site_name":"Jasec","article_modified_time":"2026-02-24T20:01:45+00:00","twitter_card":"summary_large_image","twitter_misc":{"Tiempo de lectura":"1 minuto"},"schema":{"@context":"https:\/\/schema.org","@graph":[{"@type":"WebPage","@id":"https:\/\/www.jasec.go.cr\/index.php\/guia-para-acondicionamiento-de-medidores-y-acometidas-electricas\/","url":"https:\/\/www.jasec.go.cr\/index.php\/guia-para-acondicionamiento-de-medidores-y-acometidas-electricas\/","name":"Gu\u00eda para acondicionamiento de medidores y acometidas el\u00e9ctricas - Jasec","isPartOf":{"@id":"https:\/\/www.jasec.go.cr\/#website"},"datePublished":"2018-10-09T17:26:02+00:00","dateModified":"2026-02-24T20:01:45+00:00","description":"Una empresa corporativa de servicios de inter\u00e9s p\u00fablico, l\u00edder, visionaria, con calidad internacional, que supera las expectativas de los clientes.","breadcrumb":{"@id":"https:\/\/www.jasec.go.cr\/index.php\/guia-para-acondicionamiento-de-medidores-y-acometidas-electricas\/#breadcrumb"},"inLanguage":"es","potentialAction":[{"@type":"ReadAction","target":["https:\/\/www.jasec.go.cr\/index.php\/guia-para-acondicionamiento-de-medidores-y-acometidas-electricas\/"]}]},{"@type":"BreadcrumbList","@id":"https:\/\/www.jasec.go.cr\/index.php\/guia-para-acondicionamiento-de-medidores-y-acometidas-electricas\/#breadcrumb","itemListElement":[{"@type":"ListItem","position":1,"name":"Portada","item":"https:\/\/www.jasec.go.cr\/"},{"@type":"ListItem","position":2,"name":"Gu\u00eda para acondicionamiento de medidores y acometidas el\u00e9ctricas"}]},{"@type":"WebSite","@id":"https:\/\/www.jasec.go.cr\/#website","url":"https:\/\/www.jasec.go.cr\/","name":"Jasec","description":"Junta Administrativa del Servicio El\u00e9ctrico Municipal de Cartago","publisher":{"@id":"https:\/\/www.jasec.go.cr\/#organization"},"potentialAction":[{"@type":"SearchAction","target":{"@type":"EntryPoint","urlTemplate":"https:\/\/www.jasec.go.cr\/?s={search_term_string}"},"query-input":{"@type":"PropertyValueSpecification","valueRequired":true,"valueName":"search_term_string"}}],"inLanguage":"es"},{"@type":"Organization","@id":"https:\/\/www.jasec.go.cr\/#organization","name":"Jasec","url":"https:\/\/www.jasec.go.cr\/","logo":{"@type":"ImageObject","inLanguage":"es","@id":"https:\/\/www.jasec.go.cr\/#\/schema\/logo\/image\/","url":"https:\/\/www.jasec.go.cr\/wp-content\/uploads\/2018\/07\/logo.png","contentUrl":"https:\/\/www.jasec.go.cr\/wp-content\/uploads\/2018\/07\/logo.png","width":185,"height":67,"caption":"Jasec"},"image":{"@id":"https:\/\/www.jasec.go.cr\/#\/schema\/logo\/image\/"}}]}},"_links":{"self":[{"href":"https:\/\/www.jasec.go.cr\/index.php\/wp-json\/wp\/v2\/pages\/1537","targetHints":{"allow":["GET"]}}],"collection":[{"href":"https:\/\/www.jasec.go.cr\/index.php\/wp-json\/wp\/v2\/pages"}],"about":[{"href":"https:\/\/www.jasec.go.cr\/index.php\/wp-json\/wp\/v2\/types\/page"}],"author":[{"embeddable":true,"href":"https:\/\/www.jasec.go.cr\/index.php\/wp-json\/wp\/v2\/users\/2"}],"replies":[{"embeddable":true,"href":"https:\/\/www.jasec.go.cr\/index.php\/wp-json\/wp\/v2\/comments?post=1537"}],"version-history":[{"count":2,"href":"https:\/\/www.jasec.go.cr\/index.php\/wp-json\/wp\/v2\/pages\/1537\/revisions"}],"predecessor-version":[{"id":7020,"href":"https:\/\/www.jasec.go.cr\/index.php\/wp-json\/wp\/v2\/pages\/1537\/revisions\/7020"}],"wp:attachment":[{"href":"https:\/\/www.jasec.go.cr\/index.php\/wp-json\/wp\/v2\/media?parent=1537"}],"curies":[{"name":"wp","href":"https:\/\/api.w.org\/{rel}","templated":true}]}}